ghest common factor of t and p.
22
Suppose 4*s - 30 = -10, 0 = -o + s - 2. Suppose -19*t = -14*t - 3*i - 16, 3*i = -o*t. What is the greatest common divisor of t and 16?
2
Suppose -7*b = -11*b + 244. Suppose -a + 104 = 5*l, 4*l - a - b = 24. Calculate the highest common divisor of l and 56.
7
Let o = -6488 - -6564. Let u = -20 + 39. What is the greatest common factor of o and u?
19
Let k be 9/(2 - (-2)/(-4)). Let p = -275 - -314. Let h = -15 + p. Calculate the greatest common divisor of h and k.
6
Let u = 14533 + -11830. Calculate the highest common divisor of u and 34.
17
Suppose 31*i = -1028 + 4562. What is the highest common divisor of 627 and i?
57
Let n be 3*(0 - 2/30) + (-6723)/(-415). What is the greatest common factor of n and 256?
16
Suppose 0 = 5*r - 4*c - 21516, -4296 = 17*r - 18*r - c. What is the greatest common divisor of r and 300?
100
Let c(n) = n**2 + 15*n + 21. Suppose 5*u + 0*y = y - 80, 0 = -2*u + y - 35. Let p be c(u). What is the highest common factor of 3 and p?
3
Let t(x) = -3*x - 16*x - 24 + 10*x - 28. Let k be t(-9). Let r = 64 - 35. What is the highest common factor of k and r?
29
Let s be 3*-1*2/(-3). Let k be 6 + (-552)/(-4) - -6. Let o = k + -145. Calculate the highest common factor of s and o.
1
Let k(g) = -8*g**3 - 40*g**2 - 13*g - 29. Let j be k(-5). What is the highest common divisor of 9348 and j?
12
Suppose 3*h - 42 = -0*h. Suppose -3*c = 20*c - 115. Suppose -c*d = -83 - 92. What is the greatest common divisor of h and d?
7
Let c be (-44042)/(-11) - 8/(-44). Suppose -12*i + c = 560. Calculate the greatest common divisor of 41 and i.
41
Suppose -2*i + 0*i + 5*p = 31, -2*i = 4*p + 4. Let f be 6/((-24)/(-13)) + (-6)/i. What is the highest common divisor of 140 and f?
4
Suppose 0 = -9*a + 20379 - 20028. Calculate the greatest common divisor of a and 559.
13
Suppose -5*g + 0*g + 3780 = 0. Suppose 0*i + 21*i - 280 = 11*i. Calculate the highest common divisor of g and i.
28
Let i be (-2)/11 - (-4)/22. Suppose i = -4*h + 9 + 23. Let z = h + 7. Calculate the highest common factor of z and 9.
3
Let h = -3253 - -3277. What is the greatest common factor of h and 2406?
6
Suppose a = -c + 17 + 28, 2*a + 70 = 2*c. Let i(p) = -17*p - 54. Let b be i(-6). Calculate the highest common divisor of c and b.
8
Suppose 43*l - 13*l + 9*l = 10608. Calculate the greatest common divisor of l and 6120.
136
Suppose l + 6 = 9. Suppose 0 = l*x - 13 + 49. Let j = x + 36. What is the greatest common divisor of j and 24?
24
Let q = 36 + -22. Suppose 8 = 3*u - 4. Let v be u + (3 - 4) + -1. What is the highest common divisor of q and v?
2
Suppose 23*l - 34913 = 54189. What is the greatest common divisor of 26 and l?
26
Let w be ((-3501)/(-12) - 5)/((-46)/(-920)). Calculate the greatest common divisor of w and 465.
155
Let h = 9433 + -9033. What is the highest common divisor of h and 464?
16
Let z = -55182 + 55526. Suppose 3*s + 32 = 7*s. What is the highest common divisor of z and s?
8
Let x = -197 - -1023. Let i = -581 + x. What is the highest common divisor of i and 175?
35
Let y = 97 + -115. Let d(a) = -a**3 - 18*a**2 + a + 30. Let t be d(y). Calculate the greatest common factor of 3 and t.
3
Suppose -1736*w - 126684 = -1782*w. What is the greatest common factor of 102 and w?
102
Let y be 1/2 + (-57)/(-2). Suppose -186 = -2*h + 3*w, 2*w - 83 - 83 = -2*h. Suppose h + 957 = 18*f. Calculate the highest common factor of f and y.
29
Suppose 4*j + 3 + 1 = 0, 0 = 3*i - 4*j + 140. Let a = i + 50. Suppose a*s = 5*s - 30. Calculate the greatest common factor of 50 and s.
10
Let j(o) = -5*o**3 - 36*o**2 + 8*o - 18. Let l be j(-9). Calculate the greatest common factor of l and 355.
71
Let x(d) = -231*d - 8067. Let g be x(-83). Calculate the highest common factor of 54 and g.
18
Suppose -738 = -2*o + 10*d - 7*d, -1891 = -5*o - 4*d. Let q = o - 319. What is the greatest common factor of q and 126?
14
Let i be (-1113)/(-9) + 40/(-24). What is the greatest common factor of 3050 and i?
122
Let p(a) = a**3 - 2*a**2 - 28*a + 17. Let n be p(7). Suppose -12 = -4*k, v = -0*k + k + 63. Suppose -v = -4*d + d. What is the highest common factor of d and n?
22
Suppose -16313 + 313 = -25*k. What is the greatest common divisor of k and 352?
32
Let i be (4 - (-1 - -4))/(19 - (-7973)/(-420)). What is the greatest common divisor of 2980 and i?
20
Let l = 298 + -194. Let n = 51 + -80. Let r(w) = -w**3 - 29*w**2 - w - 16. Let g be r(n). What is the greatest common divisor of g and l?
13
Let a be ((-30)/(-16))/(90/3600). Let m(s) = 5*s**2 + s + 5. Let x be m(-5). Calculate the greatest common factor of a and x.
25
Let z be (9996/(-784))/(1/(-48)). What is the highest common divisor of 144 and z?
36
Let r be (-2)/7 - (-550)/14. Let q = -27659 - -28361. Calculate the greatest common divisor of q and r.
39
Suppose -20456 = -24*w - 4856. Calculate the greatest common factor of w and 234.
26
Let s be 0 + 10/(-35) - 1486/(-7). Calculate the greatest common factor of s and 954.
106
Suppose s = -0*s - 1, 8 = y + s. Suppose 5*j - 131 = 2*i, 0 = -2*i + 5*i + y. Suppose 7*x - 2617 + 1042 = 0. Calculate the greatest common divisor of x and j.
25
Let k = -83 - -89. Let w(q) = q**3 - 7*q**2 + 9*q - 8. Let c be w(k). Let z be c + -3 + 1 + 5 + -2. What is the greatest common factor of 77 and z?
11
Suppose -19*d + 17*d = 2*m - 32, -5*d = -30. Calculate the greatest common divisor of m and 23110.
10
Let f be (-1 + 9 + -2)/(6 - 4). Let k(d) = 4*d + 24. Let b be k(f). Calculate the greatest common factor of 9 and b.
9
Let q be 36*(21/(-9) - -3). Suppose -8*l - 516 = -5*n - 6*l, -4*n - 2*l + 420 = 0. Suppose -n = -4*z - q. Calculate the greatest common divisor of 20 and z.
20
Suppose -g + 42 = -2*m - 49, 0 = -g - 5*m + 140. Calculate the greatest common factor of g and 6405.
105
Let n = 10781 - 10607. Calculate the highest common factor of 12 and n.
6
Let h(b) = -3*b - 31. Let t be h(-7). Let m = t - -255. Calculate the highest common divisor of 98 and m.
49
Let m = 48 - 47. Let k be 126/28*(7/3 - m). Let o be (-2 + 24/9)/((-2)/(-126)). What is the greatest common divisor of o and k?
6
Let u = 38 - 8. Let q = 9282 - 9212. What is the highest common factor of u and q?
10
Let p = 47 + -45. Suppose 5*r + p*h = 20, 4*h - 10 = r + 8. Suppose -r*c - 92 = -3*v, 2*v = -0*v + c + 63. What is the greatest common divisor of 17 and v?
17
Let x = -8767 - -5791. Let y be -1 + x/(-60) + 2/5. Let j be (-6)/14 - (-756)/y. Calculate the highest common divisor of 45 and j.
15
Let l(i) = -12*i + 239. Let x be l(5). Calculate the highest common divisor of x and 34547.
179
Suppose 0 = 5*w - b - 57, 2*w - 3*b + 69 = 7*w. Suppose i - 5*i + w = 0. Suppose 0 = 2*d - i - 1, 434 = 4*a + d. What is the highest common factor of a and 18?
18
Let f(h) = -h**3 + 27*h**2 + h + 29. Suppose s = -5*m + 7, 46 - 30 = -4*m. Let j be f(s). Calculate the highest common divisor of 448 and j.
56
Suppose -66 = -3*w + z, 5*w + 4*z - 116 = 11. Let f = w - 4. Suppose 0 = -14*c + f*c - 550. Calculate the greatest common divisor of c and 44.
22
Let v = -13588 + 13644. What is the greatest common factor of v and 2198?
14
Suppose 0 = -4*c - 12, 0 = -3*u - u + 4*c + 20. Let y be u*(-318)/12*-3. Suppose -3*z + y = 111. Calculate the greatest common divisor of z and 16.
16
Let h(u) = -u**3 + 17*u**2 - 14*u - 26. Let s be h(16). Suppose -457 = -s*l + 173. Calculate the greatest common factor of 140 and l.
35
Let u(c) = -c + 3. Let g(k) = -k + 2. Let s(w) = -5*g(w) + 6*u(w). Let b be s(0). Let n = -6 - -8. Calculate the greatest common factor of n and b.
2
Let v(b) = 6*b**3 + 27*b**2 + 110*b + 2. Let f be v(16). What is the greatest common divisor of f and 95?
95
Suppose 0*g - g + 5*i + 73 = 0, 4*g - 5*i = 217. Let c be (2 + 1)*-6*((-2921)/(-69) + -55). Calculate the highest common factor of c and g.
12
Suppose 2*w = -4*f + 288, w + 11 = -4*f + 299. What is the greatest common divisor of 312 and f?
24
Let l = -17011 - -17021. What is the highest common divisor of 6790 and l?
10
Let i be -20 - 6/(1 + 1). Let p = i - -93. Calculate the highest common factor of 56 and p.
14
Suppose 3*o + 2*q + 8 = 1, -3*o + 5*q = -7. Let v(x) = -11*x + 1. Let h be v(o). Let w be (42/8)/(h/64). What is the greatest common divisor of w and 14?
14
Let u be (104/20)/13 +